base 2
1000111100
-2733 (base 8) to base 3
-2001112
Convert 305 (base 7) to base 4.
2120
Convert -1000010100 (base 2) to base 11.
-444
What is -8243 (base 10) in base 11?
-6214
What is 10000010111000 (base 2) in base 11?
6325
7105 (base 8) to base 15
1138
What is 15414 (base 10) in base 9?
23126
Convert -102 (base 7) to base 13.
-3c
What is af (base 16) in base 14?
c7
4325 (base 7) to base 6
11042
Convert -20a (base 13) to base 2.
-101011100
What is 12505 (base 10) in base 12?
72a1
899 (base 14) to base 5
23303
-13936 (base 11) to base 13
-8cc2
430526 (base 7) to base 6
1333452
22142 (base 6) to base 4
300032
2944 (base 16) to base 10
10564
-3305 (base 7) to base 12
-825
What is -11192 (base 11) in base 14?
-5c8a
What is 271 (base 13) in base 12?
2ba
-1e2 (base 15) to base 10
-437
-2b1b (base 12) to base 16
-13c7
22421 (base 6) to base 7
12163
1021000 (base 4) to base 14
19ba
Convert 1451 (base 6) to base 8.
607
What is -cc90 (base 16) in base 9?
-78746
What is 2837 (base 10) in base 5?
42322
Convert 120220 (base 3) to base 11.
360
1105 (base 8) to base 5
4311
What is 2402 (base 6) in base 4?
21002
What is -221b (base 14) in base 7?
-23134
What is -5 (base 14) in base 6?
-5
20868 (base 11) to base 4
13121310
19334 (base 10) to base 4
10232012
Convert -435e (base 15) to base 8.
-33670
Convert 263c (base 16) to base 8.
23074
-114541 (base 6) to base 7
-41365
What is 35 (base 11) in base 3?
1102
What is -1a05 (base 15) in base 13?
-2741
-1ca (base 13) to base 15
-175
What is -233 (base 8) in base 11?
-131
What is 2610 (base 8) in base 9?
1843
3500 (base 9) to base 2
101000100000
Convert -11335 (base 6) to base 15.
-748
-1012201011 (base 3) to base 8
-56445
What is 11384 (base 10) in base 5?
331014
Convert -69b0 (base 13) to base 4.
-3213332
Convert 6b53 (base 12) to base 5.
341030
1135 (base 7) to base 4
12202
Convert 65184 (base 9) to base 6.
531504
Convert 1014024 (base 5) to base 13.
7827
Convert 2611 (base 9) to base 13.
b74
What is 110011 (base 3) in base 14?
196
121211 (base 3) to base 11
383
What is 237 (base 10) in base 14?
12d
What is 625b (base 13) in base 10?
13596
Convert -346 (base 8) to base 13.
-149
Convert 12a (base 14) to base 4.
3222
What is 9ef7 (base 16) in base 4?
21323313
What is 1b57b (base 14) in base 2?
10001000000111001
-10b2 (base 12) to base 3
-2112222
What is -544 (base 6) in base 8?
-320
-14336 (base 10) to base 8
-34000
What is 22022211 (base 3) in base 5?
143240
What is -1259 (base 11) in base 4?
-121211
15244 (base 15) to base 13
24c5b
What is 1784 (base 11) in base 13?
1058
Convert 3156 (base 11) to base 8.
10117
What is -101100011111110 (base 2) in base 15?
-6b3c
What is -1001100100011 (base 2) in base 14?
-1add
What is 1401a (base 11) in base 12?
b696
-223 (base 8) to base 13
-b4
-11f (base 16) to base 6
-1155
Convert -2ad2 (base 16) to base 2.
-10101011010010
What is b06 (base 13) in base 14?
973
1173 (base 9) to base 4
31230
Convert 2c7 (base 15) to base 3.
212121
What is -12011 (base 4) in base 15?
-1ae
What is -1521b (base 12) in base 11?
-20339
Convert -333102 (base 4) to base 6.
-30430
What is 1254 (base 9) in base 5?
12230
What is -1000022 (base 3) in base 11?
-610
What is -562 (base 14) in base 7?
-3052
Convert 265 (base 13) to base 4.
12211
What is -223100 (base 7) in base 14?
-10570
What is 1414 (base 13) in base 14?
10a6
122202 (base 6) to base 10
10874
a900 (base 14) to base 2
111001000010100
1015453 (base 6) to base 15
e8a9
a11 (base 13) to base 15
789
32323 (base 6) to base 14
1895
127 (base 8) to base 6
223
Convert -20124 (base 5) to base 9.
-1682
Convert 640 (base 15) to base 6.
10310
Convert -331251 (base 7) to base 10.
-58101
Convert 10832 (base 12) to base 7.
120632
2a28 (base 12) to base 13
2321
What is -2612 (base 7) in base 8?
-1735
-1275 (base 11) to base 13
-9a4
Convert -10356 (base 9) to base 3.
-100101220
Convert -141314 (base 7) to base 5.
-1330122
What is -121211 (base 3) in base 15?
-204
What is -705 (base 13) in base 9?
-1560
Convert ac (base 15) to base 13.
c6
147 (base 14) to base 3
100121
What is -1112102000 (base 3) in base 13?
-10980
-5b (base 12) to base 9
-78
Convert -13332110 (base 4) to base 3.
-1122210122
Convert 1012122110 (base 3) to base 4.
11303313
What is 7293 (base 14) in base 8?
46421
Convert -719a (base 14) to base 6.
-230244
Convert -45 (base 6) to base 2.
-11101
-100000110000111 (base 2) to base 3
-212000022
-211 (base 15) to base 4
-13102
Convert 20054 (base 12) to base 10.
41536
-1120120021 (base 3) to base 7
-156316
Convert 7870 (base 10) to base 7.
31642
Convert d9 (base 14) to base 15.
cb
Convert -2707 (base 10) to base 4.
-222103
4bb (base 15) to base 11
899
What is -4a (base 15) in base 14?
-50
Convert 101230 (base 4) to base 9.
1487
What is -230010 (base 4) in base 9?
-3773
-111765 (base 8) to base 14
-db37
What is -245200 (base 6) in base 8?
-52600
3321 (base 15) to base 16
2a4f
What is -420224 (base 5) in base 14?
-506a
-6288 (base 10) to base 15
-1ce3
Convert -839 (base 15) to base 6.
-12330
124141 (base 5) to base 13
2317
What is 30112222 (base 4) in base 7?
300346
Convert 27b (base 12) to base 5.
3013
Convert -356 (base 11) to base 6.
-1544
What is 131540 (base 7) in base 15?
746b
What is 23242 (base 5) in base 16?
6a1
-16744 (base 8) to base 13
-3638
Convert 13a2 (base 11) to base 13.
a8c
1001101000 (base 2) to base 8
1150
What is 123120 (base 4) in base 2?
11011011000
-1312200 (base 5) to base 15
-7a35
Convert 1003 (base 5) to base 16.
80
What is 22611 (base 7) in base 3?
21221110
What is 85c (base 14) in base 9?
2233
Convert 70601 (base 8) to base 13.
102c2
What is 270 (base 13) in base 4?
12231
What is -11a (base 16) in base 14?
-162
Convert 134043 (base 5) to base 6.
41323
What is -203272 (base 8) in base 10?
-67258
-158 (base 15) to base 2
-100110100
What is b5a (base 16) in base 8?
5532
What is -126646 (base 9) in base 14?
-20133
What is 102 (base 12) in base 2?
10010010
Convert 5cb (base 13) to base 11.
840
What is -122433 (base 5) in base 8?
-11207
1448 (base 9) to base 4
101021
-111 (base 4) to base 7
-30
What is 30b01 (base 12) in base 11?
43a24
What is -146 (base 16) in base 2?
-101000110
-56056 (base 8) to base 7
-125541
Convert -2150 (base 8) to base 12.
-7a0
What is -11100110010000 (base 2) in base 6?
-152120
What is -4235 (base 6) in base 4?
-32333
-366 (base 16) to base 3
-1012020
What is 355341 (base 6) in base 8?
74455
9c8f (base 16) to base 6
505315
What is 280d (base 14) in base 5?
211234
What is 210110 (base 3) in base 11?
487
Convert -57df (base 16) to base 3.
-1010212011
-256 (base 11) to base 6
-1223
110100010100 (base 2) to base 4
310110
What is -11644 (base 10) in base 4?
-2311330
-22103 (base 5) to base 7
-4312
-9112 (base 14) to base 16
-614c
What is -101202200 (base 3) in base 5?
-222343
Convert 111111 (base 4) to base 8.
2525
What is 44205 (base 6) in base 11?
4669
What is 1320 (base 5) in base 2?
11010010
Convert -17191 (base 11) to base 3.
-1020011112
Convert -146365 (base 7) to base 2.
-110111111110111
Convert -240 (base 9) to base 11.
-170
124153 (base 6) to base 12
6659
Convert -abaa (base 14) to base 3.
-1111210201
-13057 (base 10) to base 4
-3030001
Convert 100111010011111 (base 2) to base 16.
4e9f
-12a57 (base 12) to base 5
-1310244
Convert 22231 (base 7) to base 4.
1113220
-2022012 (base 3) to base 12
-b7b
What is 1cb (base 16) in base 2?
111001011
Convert 60b (base 14) to base 9.
1558
b86 (base 13) to base 12
1181
Convert -6b70 (base 14) to base 5.
-1044333
-31161 (base 7) to base 12
-4506
-1003203 (base 4) to base 13
-1c77
What is -165 (base 14) in base 3?
-101120
-1f55 (base 16) to base 10
-8021
-220201001 (base 3) to base 10
-18010
What is -1070 (base 10) in base 3?
-1110122
Convert -1111110011010 (base 2) to base 15.
-25e5
Convert 724 (base 13) to base 3.
1122221
Convert 2366 (base 9) to base 7.
5064
Convert -379 (base 13) to base 3.
-211111
Convert 2533 (base 13) to base 5.
132111
Convert 1022021210 (base 3) to base 15.
7950
What is 5a (base 13) in base 12?
63
Convert 113435 (base 7) to base 8.
47753
3996 (base 10) to base 5
111441
What is -65 (base 9) in base 10?
-59
443e (base 16) to base 4
10100332
Convert 143641 (base 8) to base 14.
148a5
-10311 (base 4) to base 13
-1aa
What is -202021 (base 3) 